.
54
What is the remainder when 27187568 is divided by 7202?
18
What is the remainder when 115202 is divided by 19048?
914
Calculate the remainder when 15721419 is divided by 15721418.
1
Calculate the remainder when 96754 is divided by 24071.
470
Calculate the remainder when 370153 is divided by 661.
654
Calculate the remainder when 660470613 is divided by 491.
490
Calculate the remainder when 9117941 is divided by 50.
41
What is the remainder when 185256 is divided by 1818?
1638
Calculate the remainder when 1614812 is divided by 936.
212
Calculate the remainder when 44791615 is divided by 151323.
7
What is the remainder when 5829041 is divided by 1566?
389
What is the remainder when 708634 is divided by 177009?
598
What is the remainder when 1550668 is divided by 19144?
4
What is the remainder when 55237 is divided by 27244?
749
What is the remainder when 2381286 is divided by 475?
111
What is the remainder when 2681123 is divided by 58?
15
Calculate the remainder when 3141331 is divided by 284.
7
What is the remainder when 18218109 is divided by 673?
672
What is the remainder when 469734950 is divided by 6526?
6522
Calculate the remainder when 2674494 is divided by 4742.
6
Calculate the remainder when 162349 is divided by 460.
429
Calculate the remainder when 77313 is divided by 9292.
2977
Calculate the remainder when 22337 is divided by 825.
62
What is the remainder when 2108 is divided by 1784?
324
Calculate the remainder when 8513 is divided by 84.
29
What is the remainder when 2154752 is divided by 14657?
173
What is the remainder when 254279 is divided by 254230?
49
What is the remainder when 32852772 is divided by 1340?
1332
Calculate the remainder when 58504899 is divided by 6276.
27
What is the remainder when 1085021 is divided by 9877?
8428
What is the remainder when 13912955 is divided by 16?
11
What is the remainder when 234359 is divided by 115927?
2505
Calculate the remainder when 5409493 is divided by 49.
40
What is the remainder when 50224183 is divided by 297?
295
Calculate the remainder when 9997 is divided by 17.
1
Calculate the remainder when 6827856 is divided by 580.
96
What is the remainder when 1473949 is divided by 867?
49
Calculate the remainder when 2766056 is divided by 42.
20
Calculate the remainder when 7693227 is divided by 1298.
1279
What is the remainder when 96468 is divided by 24065?
208
What is the remainder when 1228416 is divided by 527?
506
What is the remainder when 287492 is divided by 1176?
548
Calculate the remainder when 894010508 is divided by 4799.
4798
What is the remainder when 1792502 is divided by 2178?
8
Calculate the remainder when 75744069 is divided by 73.
72
What is the remainder when 44074202 is divided by 11?
7
What is the remainder when 108402260 is divided by 11?
10
What is the remainder when 218762 is divided by 18182?
578
Calculate the remainder when 2579902 is divided by 859875.
277
Calculate the remainder when 37673 is divided by 80.
73
What is the remainder when 302618 is divided by 1636?
1594
What is the remainder when 24922457 is divided by 32?
25
What is the remainder when 661792 is divided by 469?
33
What is the remainder when 312740 is divided by 750?
740
What is the remainder when 6863516 is divided by 874?
868
What is the remainder when 315774 is divided by 3158?
3132
What is the remainder when 100949332 is divided by 817?
812
Calculate the remainder when 1765829 is divided by 1765817.
12
What is the remainder when 3070202 is divided by 64?
58
Calculate the remainder when 31915772 is divided by 2127717.
17
Calculate the remainder when 2301272 is divided by 47943.
8
What is the remainder when 523833 is divided by 87?
6
Calculate the remainder when 6592967 is divided by 29.
20
What is the remainder when 889081 is divided by 221?
219
What is the remainder when 1180106 is divided by 56?
18
What is the remainder when 45029 is divided by 704?
677
Calculate the remainder when 60818 is divided by 7592.
82
Calculate the remainder when 1558884 is divided by 1609.
1372
Calculate the remainder when 5519912 is divided by 428.
424
What is the remainder when 213505 is divided by 1225?
355
What is the remainder when 28494 is divided by 3039?
1143
Calculate the remainder when 82470 is divided by 1919.
1872
What is the remainder when 1394701 is divided by 39?
22
Calculate the remainder when 96320741 is divided by 334447.
5
What is the remainder when 80784458 is divided by 63?
62
What is the remainder when 77644 is divided by 3529?
6
What is the remainder when 2863190703 is divided by 5192?
5191
Calculate the remainder when 601611 is divided by 601048.
563
Calculate the remainder when 5338946 is divided by 28.
18
Calculate the remainder when 9122 is divided by 2939.
305
Calculate the remainder when 43820765 is divided by 2577692.
1
Calculate the remainder when 1091433 is divided by 32.
9
What is the remainder when 76872025 is divided by 1744?
1737
What is the remainder when 2352164 is divided by 84?
80
Calculate the remainder when 250210697 is divided by 50.
47
What is the remainder when 34525539 is divided by 34525534?
5
Calculate the remainder when 553643 is divided by 21274.
519
What is the remainder when 176543233 is divided by 206?
203
Calculate the remainder when 890343 is divided by 52.
51
What is the remainder when 12453059 is divided by 429?
47
Calculate the remainder when 77176 is divided by 19045.
996
What is the remainder when 224802626 is divided by 74934196?
38
What is the remainder when 9742819 is divided by 9?
4
Calculate the remainder when 18571052 is divided by 91483.
3
Calculate the remainder when 76857514 is divided by 791.
790
Calculate the remainder when 10557088 is divided by 1228.
1200
What is the remainder when 1438325 is divided by 89?
85
Calculate the remainder when 658069 is divided by 1833.
22
What is the remainder when 78361 is divided by 19569?
85
What is the remainder when 271473 is divided by 794?
719
What is the remainder when 2221090 is divided by 5540?
5090
Calculate the remainder when 394604 is divided by 131528.
20
Calculate the remainder when 13027779 is divided by 303.
294
Calculate the remainder when 479 is divided by 47.
9
What is the remainder when 1607232 is divided by 206?
20
What is the remainder when 11263391 is divided by 1262?
41
What is the remainder when 65110 is divided by 32056?
998
What is the remainder when 510799 is divided by 14?
9
What is the remainder when 206000 is divided by 5582?
5048
What is the remainder when 9168 is divided by 332?
204
Calculate the remainder when 1144450 is divided by 2680.
90
Calculate the remainder when 2876457 is divided by 292.
257
Calculate the remainder when 2504954 is divided by 760.
754
What is the remainder when 641554 is divided by 874?
38
What is the remainder when 2562443 is divided by 875?
443
Calculate the remainder when 97941 is divided by 5154.
15
What is the remainder when 1108420 is divided by 52777?
103
Calculate the remainder when 974912 is divided by 81232.
128
What is the remainder when 11483555 is divided by 4477?
50
Calculate the remainder when 1367210 is divided by 27.
11
Calculate the remainder when 4808106 is divided by 9228.
318
Calculate the remainder when 891482 is divided by 3230.
2
Calculate the remainder when 8393156 is divided by 13850.
56
Calculate the remainder when 196893 is divided by 39322.
283
Calculate the remainder when 52466837 is divided by 375.
212
What is the remainder when 99176025 is divided by 1423?
40
What is the remainder when 2623173 is divided by 82?
75
Calculate the remainder when 160764 is divided by 76976.
6812
What is the remainder when 1813659 is divided by 129533?
197
Calculate the remainder when 89272 is divided by 62.
54
What is the remainder when 3062884 is divided by 28625?
9
Calculate the remainder when 59287871 is divided by 185.
181
What is the remainder when 2817427 is divided by 6477?
6409
What is the remainder when 34962 is divided by 8571?
678
Calculate the remainder when 2349196 is divided by 1400.
1396
Calculate the remainder when 20047674 is divided by 41.
27
Calculate the remainder when 117971039 is divided by 110.
109
What is the remainder when 609537 is divided by 6?
3
Calculate the remainder when 6447372 is divided by 7360.
12
Ca